e 2) in base 6?
-4
What is 10120 (base 3) in base 13?
75
Convert 35 (base 8) to base 7.
41
49 (base 11) to base 8
65
Convert 4 (base 8) to base 9.
4
What is -4 (base 13) in base 7?
-4
What is 3b (base 12) in base 9?
52
Convert -5 (base 11) to base 3.
-12
What is 4 (base 12) in base 16?
4
Convert -120 (base 9) to base 12.
-83
What is 3 (base 9) in base 2?
11
Convert -3 (base 5) to base 15.
-3
Convert 0 (base 13) to base 14.
0
Convert -8 (base 9) to base 4.
-20
-30 (base 4) to base 11
-11
What is -33 (base 7) in base 10?
-24
Convert 25 (base 14) to base 10.
33
-111 (base 6) to base 3
-1121
11 (base 15) to base 11
15
What is de (base 15) in base 7?
416
What is 0 (base 6) in base 13?
0
-16 (base 7) to base 11
-12
Convert -2 (base 6) to base 12.
-2
Convert -2 (base 5) to base 11.
-2
What is -18 (base 15) in base 16?
-17
What is -1 (base 13) in base 2?
-1
Convert -166 (base 14) to base 8.
-436
Convert -6 (base 11) to base 2.
-110
2 (base 11) to base 7
2
Convert 13 (base 15) to base 9.
20
What is -34 (base 7) in base 16?
-19
17 (base 13) to base 11
19
What is 287 (base 11) in base 10?
337
4 (base 13) to base 14
4
Convert 5 (base 16) to base 15.
5
5 (base 8) to base 14
5
Convert -100111 (base 2) to base 16.
-27
What is 335 (base 6) in base 15?
8b
-11 (base 3) to base 13
-4
What is 12 (base 7) in base 9?
10
Convert 26 (base 7) to base 15.
15
Convert -e (base 16) to base 11.
-13
-3 (base 11) to base 12
-3
-1223 (base 5) to base 3
-20222
Convert 22 (base 4) to base 13.
a
6 (base 16) to base 8
6
Convert -100 (base 2) to base 10.
-4
What is 29 (base 16) in base 4?
221
What is 5 (base 15) in base 5?
10
Convert -112 (base 3) to base 13.
-11
What is 17 (base 10) in base 12?
15
-43 (base 6) to base 4
-123
-10222 (base 3) to base 8
-153
2 (base 14) to base 12
2
-22 (base 8) to base 13
-15
-353 (base 7) to base 3
-20212
4 (base 13) to base 2
100
Convert -12 (base 4) to base 14.
-6
3 (base 10) to base 5
3
What is 220 (base 3) in base 7?
33
Convert 2 (base 11) to base 9.
2
What is c (base 15) in base 8?
14
What is -10 (base 6) in base 4?
-12
What is -a (base 15) in base 14?
-a
25 (base 14) to base 5
113
100 (base 3) to base 5
14
Convert -101 (base 2) to base 9.
-5
130 (base 11) to base 3
12201
-11 (base 15) to base 8
-20
What is 44 (base 8) in base 12?
30
Convert -59 (base 13) to base 5.
-244
213 (base 5) to base 7
112
What is -13 (base 6) in base 16?
-9
What is 0 (base 7) in base 14?
0
Convert -2 (base 10) to base 4.
-2
Convert -130 (base 5) to base 10.
-40
Convert -4 (base 10) to base 3.
-11
-243 (base 5) to base 11
-67
-110 (base 2) to base 7
-6
What is 2 (base 13) in base 12?
2
4 (base 9) to base 15
4
-1 (base 9) to base 3
-1
2 (base 5) to base 16
2
Convert -1 (base 10) to base 14.
-1
Convert -2 (base 9) to base 3.
-2
What is 2 (base 4) in base 2?
10
What is -1 (base 16) in base 15?
-1
Convert 12 (base 4) to base 12.
6
Convert -11 (base 10) to base 3.
-102
-11001001 (base 2) to base 8
-311
What is -36 (base 7) in base 11?
-25
22 (base 3) to base 7
11
Convert -1b (base 12) to base 11.
-21
What is -2 (base 9) in base 8?
-2
Convert 16b (base 16) to base 11.
300
-d3 (base 15) to base 2
-11000110
-1 (base 5) to base 3
-1
6b (base 14) to base 11
87
Convert 48 (base 11) to base 14.
3a
-83 (base 11) to base 13
-70
Convert -40 (base 7) to base 3.
-1001
-34 (base 8) to base 14
-20
-5 (base 12) to base 3
-12
What is 33 (base 5) in base 2?
10010
What is -100 (base 2) in base 9?
-4
-137 (base 12) to base 2
-10111011
110 (base 2) to base 13
6
Convert 52 (base 13) to base 5.
232
15 (base 7) to base 13
c
What is 1 (base 16) in base 5?
1
Convert -10100 (base 2) to base 13.
-17
3 (base 15) to base 7
3
7 (base 10) to base 5
12
1b (base 14) to base 5
100
What is 1001 (base 2) in base 4?
21
What is 11 (base 4) in base 10?
5
-d (base 15) to base 11
-12
Convert 14 (base 5) to base 16.
9
What is -333 (base 6) in base 3?
-11210
What is 10 (base 4) in base 5?
4
Convert -65 (base 16) to base 2.
-1100101
What is -1014 (base 5) in base 13?
-a4
What is 3 (base 8) in base 4?
3
Convert 46 (base 16) to base 8.
106
111 (base 4) to base 2
10101
What is -1 (base 5) in base 12?
-1
What is -2 (base 12) in base 16?
-2
Convert -3 (base 10) to base 9.
-3
What is 120 (base 6) in base 16?
30
Convert -e2 (base 16) to base 9.
-271
-100110 (base 2) to base 3
-1102
-2 (base 12) to base 4
-2
-6 (base 16) to base 6
-10
64 (base 15) to base 10
94
-124 (base 7) to base 16
-43
What is 230 (base 5) in base 6?
145
What is 13 (base 6) in base 13?
9
-1010 (base 4) to base 6
-152
1 (base 5) to base 12
1
38 (base 14) to base 11
46
Convert -252 (base 9) to base 12.
-155
Convert -10 (base 5) to base 7.
-5
144 (base 7) to base 6
213
What is 36 (base 15) in base 6?
123
What is -100 (base 3) in base 2?
-1001
Convert -5 (base 11) to base 12.
-5
-2 (base 6) to base 4
-2
111 (base 3) to base 4
31
3 (base 7) to base 8
3
Convert -75 (base 11) to base 12.
-6a
What is -11b (base 12) in base 3?
-20012
-511 (base 7) to base 8
-375
What is -5 (base 9) in base 3?
-12
What is 112 (base 8) in base 3?
2202
Convert 22 (base 14) to base 13.
24
0 (base 6) to base 10
0
127 (base 14) to base 6
1023
10 (base 15) to base 6
23
Convert -10000 (base 2) to base 14.
-12
Convert -1101000 (base 2) to base 11.
-95
What is -4 (base 10) in base 5?
-4
What is 5 (base 12) in base 4?
11
-101011 (base 2) to base 5
-133
What is 0 (base 5) in base 7?
0
What is 112 (base 3) in base 8?
16
10 (base 12) to base 4
30
-11 (base 6) to base 4
-13
Convert -9 (base 14) to base 12.
-9
What is -10 (base 3) in base 4?
-3
-3 (base 12) to base 4
-3
Convert 11 (base 4) to base 9.
5
-17 (base 14) to base 3
-210
What is 125 (base 13) in base 5?
1300
What is 12 (base 8) in base 16?
a
13 (base 8) to base 4
23
Convert 2 (base 14) to base 12.
2
Convert 2 (base 12) to base 8.
2
2 (base 5) to base 8
2
What is -23 (base 4) in base 3?
-102
What is -100 (base 3) in base 9?
-10
What is -211 (base 3) in base 13?
-19
What is 22 (base 8) in base 6?
30
-3 (base 5) to base 4
-3
-3b (base 14) to base 12
-45
What is -2 (base 8) in base 15?
-2
Convert -66 (base 10) to base 13.
-51
What is 2 (base 8) in base 9?
2
2b (base 13) to base 4
211
What is -100 (base 2) in base 9?
-4
Convert -7 (base 10) to base 7.
-10
What is -3 (base 5) in base 14?
-3
112 (base 10) to base 9
134
Convert 3 (base 9) to base 11.
3
What is 14 (base 16) in base 15?
15
-1a (base 15) to base 16
-19
-27 (base 11) to base 3
-1002
Convert -23 (base 13) to base 9.
-32
What is -9 (base 12) in base 15?
-9
Convert -201 (base 3) to base 5.
-34
-6 (base 16) to base 10
-6
Convert 260 (base 7) to base 8.
214
What is 54 (base 10) in base 13?
42
Convert -22 (base 5) to base 6.
-20
-10 (base 11) to base 9
-12
5 (base 13) to base 2
101
-1 (base 14) to base 11
-1
What is -5 (base 15) in base 5?
-10
314 (base 5) to base 16
54
9 (base 12) to base 5
14
What is 5 (base 13) in base 8?
5
What is 7 (base 15) in base 8?
7
Convert -110 (base 3) to base 12.
-10
Convert 11 (base 15) to base 10.
16
8a (base 13) to base 15
79
What is 20 (base 4) in base 9?
8
Convert 1 (base 16) to base 3.
1
-2 (base 3) to base 6
-2
What is -100 (base 2) in base 16?
-4
Convert -100101 (base 2) to base 3.
-1101
-3 (base 11) to base 10
-3
Convert -25 (base 15) to base 14.
-27
Convert 3c (base 14) to base 15.
39
What is 11 (base 3) in base 13?
4
What is -17 (base 8) in base 14?
-11
Convert 3e (base 15) to base 9.
65
What is 1101010 (base 2) in base 13?
82
33 (base 11) to base 2
100100
Convert -412 (base 7) to base 10.
-205
Convert -13 (base 13) to base 7.
-22
Convert 88 (base 13) to base 16.
70
-13 (base 4) to base 14
-7
-1010 (base 3) to base 13
-24
Convert 10 (base 2) to base 10.
2
What is -1001101 (base 2) in base 11?
-70
137 (base 8) to base 10
95
Convert 1213 (base 4) to base 9.
124
What is 48 (base 12) in base 10?
56
What is 11 (base 4) in base 5?
10
What is 0 (base 12) in base 14?
0
Convert 23 (base 13) to base 14.
21
113 (base 7) to base 16
3b
What is -b9 (base 16) in base 13?
-113
What is 25 (base 8) in base 13?
18
What is -2 (base 12) in base 10?
-2
31 (base 5) to base 11
15
Convert -3 (base 6) to base 4.
-3
What is 215 (base 10) in base 8?
327
Convert 11211 (base 3) to base 15.
8a
-38 (base 13) to base 12
-3b
What is -1023 (base 4) in base 11?
-69
Convert 13